ulate p(30).
9
Let j(i) = i**3 + i - 1. Determine j(1).
1
Let v(y) = -2*y**2 - 30*y - 27. Calculate v(-14).
1
Let s(a) = -2*a + 34. Give s(10).
14
Let k(a) = -43*a + 221. Calculate k(5).
6
Let g(v) = v**3 + 2*v**2 + 4*v - 3. Give g(3).
54
Let j(b) = -b**2 + 12*b + 11. Calculate j(12).
11
Let v(i) = i**2 + 8*i + 4. What is v(-6)?
-8
Let t(j) = -j**3 + 10*j**2 + j - 21. Calculate t(10).
-11
Let c(n) = -n**3 + 6*n**2 - 2*n + 5. What is c(6)?
-7
Let u(k) = -4*k**2 - 8*k + 3. What is u(-2)?
3
Let z(m) = -m + 9. Give z(-8).
17
Let x(c) = -c**3 + 7*c**2 - 7*c + 1. Determine x(5).
16
Let b(i) = 3*i - 77. Calculate b(26).
1
Let b(r) = r**2 - 20*r + 67. Give b(16).
3
Let n(u) = -5*u**2 + 2*u. Determine n(-5).
-135
Let r(p) = 8*p - 27. Calculate r(4).
5
Let a(t) = t**2 + 39*t + 364. What is a(-15)?
4
Let p(n) = -n**3 - 8*n**2 - 11*n - 1. Calculate p(-6).
-7
Let c(o) = 3*o**2 + 5*o - 10. Determine c(-5).
40
Let h(f) = -f**3 - 28*f**2 + 26*f - 94. What is h(-29)?
-7
Let c(x) = x**2 + 46*x + 239. Determine c(-6).
-1
Let o(n) = -n**3 + 12*n**2 + 44*n - 25. What is o(15)?
-40
Let k(n) = -n**3 + 8*n**2 - 16*n + 12. Give k(6).
-12
Let t(d) = -15*d**3 + 2*d**2 - 3*d + 1. Calculate t(1).
-15
Let g(h) = h**3 + 5*h**2 - 3*h + 3. Determine g(-3).
30
Let x(i) = i**3 - 19*i**2 + 2*i - 31. Determine x(19).
7
Let i(h) = 4*h + 6. Give i(-1).
2
Let s(d) = -d**3 + 10*d**2 - 14*d - 13. What is s(8)?
3
Let t(i) = -i + 5. Calculate t(7).
-2
Let a(z) = -z**2 + 15*z - 28. Give a(11).
16
Let a(l) = -3*l + 20. Give a(5).
5
Let w(i) = 4*i - 4. Calculate w(-3).
-16
Let y(x) = -x**2 + 34*x - 209. What is y(26)?
-1
Let q(u) = -2*u**2 - 1. Determine q(2).
-9
Let q(i) = -7*i + 17. What is q(-17)?
136
Let f(l) = -20*l + 1. Determine f(1).
-19
Let b(p) = -3*p - 26. Calculate b(15).
-71
Let c(z) = z**2 + 3*z - 7. Calculate c(-7).
21
Let u(t) = -15*t**3 + t**2 - 4*t + 2. Determine u(1).
-16
Let n(x) = -x**2 - 2*x + 6. Give n(0).
6
Let q(w) = -4*w**2. What is q(1)?
-4
Let d(p) = 11*p**2 - 2. Calculate d(-2).
42
Let f(n) = n + 3. What is f(3)?
6
Let g(o) = -o**3 + 3*o**2 + 6. Determine g(5).
-44
Let b(k) = 26*k**3 - 2*k - 1. Give b(-1).
-25
Let y(p) = -p**3 - 6*p**2 + 24*p + 18. Determine y(-9).
45
Let a(u) = -u - 33. Give a(-18).
-15
Let u(r) = 9*r - 12. Determine u(5).
33
Let h(m) = -3*m + 25. What is h(8)?
1
Let b(a) = -a**2 - 16*a - 8. Determine b(-14).
20
Let o(a) = -69*a + 2. Calculate o(1).
-67
Let g(j) = -4*j**2 - 2*j. Give g(-1).
-2
Let p(j) = 31*j - 9. Determine p(-3).
-102
Let b(p) = -p - 11. Determine b(-12).
1
Let m(x) = 2*x + 7. Calculate m(8).
23
Let y(r) = -r**3 - 22*r**2 - 19*r + 27. Calculate y(-21).
-15
Let t(o) = 3*o - 11. Give t(-5).
-26
Let l(a) = a**3 + 5*a**2 - 7*a - 4. Determine l(-6).
2
Let o(v) = 10*v + 22. What is o(-2)?
2
Let q(r) = -r**2 - 19*r - 27. Determine q(-18).
-9
Let y(p) = p**3 + 3*p**2 - 2*p + 4. What is y(-5)?
-36
Let r(b) = -b - 4. What is r(-6)?
2
Let s(l) = l**3 + 6*l**2 - 7*l + 5. Give s(-7).
5
Let d(x) = 2*x**2 + 25*x - 30. Determine d(-13).
-17
Let g(x) = x**3 - 7*x**2 + 6*x + 6. Calculate g(6).
6
Let h(j) = 2*j - 2. Give h(3).
4
Let p(h) = -11*h**2 + 2*h - 2. Determine p(2).
-42
Let t(c) = c**2 + c - 3. Give t(-3).
3
Let j(y) = -33*y + 48. Give j(2).
-18
Let a(p) = -p**3 - p**2 + 2*p - 23. What is a(0)?
-23
Let a(f) = 2*f + 21. Calculate a(-9).
3
Let t(g) = 36*g**2 + g - 1. Calculate t(1).
36
Let q(o) = 8*o**3 - o - 2. Give q(-1).
-9
Let w(l) = l + 1. What is w(-3)?
-2
Let p(y) = 2*y**3 - 26*y**2 + 23*y + 9. Determine p(12).
-3
Let f(i) = i**3 - 11*i**2 + 13*i - 4. Determine f(10).
26
Let h(j) = j**2 - 6*j - 92. Give h(-7).
-1
Let p(t) = t**3 - 13*t**2 + 7*t - 26. Determine p(13).
65
Let t(n) = 3*n**2 + 31*n + 23. Determine t(-9).
-13
Let b(m) = m**3 - 12*m**2 + 12*m + 8. Calculate b(11).
19
Let k(q) = 92*q - 5. Give k(-1).
-97
Let f(a) = a**2 - 20*a + 86. Calculate f(7).
-5
Let v(d) = -2*d - 10. Determine v(-7).
4
Let w(v) = -v**2 + 20. What is w(-5)?
-5
Let f(p) = p**2 + 24*p - 49. Determine f(-25).
-24
Let b(u) = -u**3 - 6*u**2 + 3*u + 10. Give b(-7).
38
Let j(i) = i**3 + i**2 - i + 44. Give j(0).
44
Let x(n) = 8*n**2 + 2*n + 1. Determine x(2).
37
Let t(c) = 24*c - 1203. Give t(50).
-3
Let j(q) = 2*q**2 - 14*q - 12. Calculate j(12).
108
Let k(j) = -9*j**3 + j - 1. Give k(1).
-9
Let x(p) = p**3 + 8*p**2 - 11*p - 18. Calculate x(-9).
0
Let d(r) = 55*r + 14. Calculate d(-3).
-151
Let d(y) = 2*y**2 + 14*y + 25. What is d(-10)?
85
Let j(w) = w**2 - 6*w - 20. Determine j(10).
20
Let w(i) = i**2 - 19*i + 89. Give w(15).
29
Let d(q) = -q**2 - 6*q - 15. Determine d(-6).
-15
Let h(l) = l**2 + 20*l - 26. Determine h(-22).
18
Let y(b) = -4*b - 13. What is y(-4)?
3
Let o(b) = -4*b**2 + 6*b + 2. Calculate o(3).
-16
Let a(h) = -h**3 - 8*h**2 - 9*h - 7. Calculate a(-7).
7
Let h(m) = -8*m**3 + m**2 + m - 2. What is h(2)?
-60
Let j(h) = -h**3 + 4*h**2 - 6*h + 1. Give j(3).
-8
Let d(w) = w**3 - 4*w**2 - 16*w + 18. What is d(6)?
-6
Let q(s) = -s**2 + 6*s + 20. Calculate q(9).
-7
Let y(q) = 6*q + 27. Determine y(-6).
-9
Let l(d) = -5*d + 83. Calculate l(15).
8
Let z(s) = 2*s**3 - 16*s**2 - 2*s + 27. What is z(8)?
11
Let p(l) = -l**2 + 20*l + 27. What is p(21)?
6
Let s(x) = 2*x**3 + 2*x**2 - 9*x + 5. Give s(2).
11
Let c(d) = 7*d + 76. Determine c(-9).
13
Let n(w) = 2*w**3 - w**2 + 2*w + 1. Give n(1).
4
Let a(p) = -p**3 + 2*p**2 + 39*p - 29. Determine a(7).
-1
Let p(y) = -9*y + 13. Give p(5).
-32
Let m(f) = 13*f**2 + 117*f - 17. Calculate m(-9).
-17
Let d(b) = -b - 21. Calculate d(-22).
1
Let n(z) = -z**3 + 10*z**2 + 15*z - 3. Calculate n(11).
41
Let b(p) = -16*p - 2. Calculate b(-2).
30
Let w(n) = -n**3 + 17*n**2 - n + 17. Determine w(17).
0
Let l(r) = r**2 - 2*r + 9. What is l(4)?
17
Let x(g) = -8*g + 33. What is x(4)?
1
Let y(z) = -z**3 + 19*z**2 - 17*z + 9. Determine y(18).
27
Let q(b) = 2*b + 8. Give q(-6).
-4
Let k(j) = j**3 + 28*j**2 + 31*j + 110. Determine k(-27).
2
Let t(r) = 2*r**3 - r**2 - 3*r + 3. Determine t(2).
9
Let s(w) = w**2 - 22*w + 30. Determine s(19).
-27
Let y(h) = h**3 + 3*h**2 - 2*h - 2. Give y(-3).
4
Let h(u) = u**3 + 9*u**2 - 8*u + 30. Determine h(-10).
10
Let f(t) = t**2 - 70*t + 195. Calculate f(67).
-6
Let b(v) = v**3 + 14*v**2 + 24*v + 6. Give b(-12).
6
Let l(n) = n**2 - 4*n - 1. What is l(-3)?
20
Let d(b) = -2*b + 138. What is d(29)?
80
Let v(w) = 8*w**2 + 23*w + 3. Give v(-2).
-11
Let u(p) = 46*p + 313. What is u(-7)?
-9
Let z(r) = r**2 + 17*r + 41. Give z(-14).
-1
Let c(n) = -10*n**2 - 5*n - 1. What is c(-2)?
-31
Let m(u) = u - 12. Determine m(7).
-5
Let v(y) = -4*y - 23. Give v(-17).
45
Let f(v) = 4*v**3 + v**2 + v + 1. Calculate f(-1).
-3
Let v(o) = -o**2 + 12*o - 7. Determine v(9).
20
Let k(i) = -i**3 - 9*i**2 - 4*i - 12. Give k(-8).
-44
Let v(x) = -x**3 + 13*x**2 - 19*x + 20. Determine v(12).
-64
Let l(z) = z**2 - 28*z + 1. Give l(0).
1
Let k(b) = -33*b + 525. Give k(16).
-3
Let v(h) = h**3 + h**2 - 5*h - 6. Determine v(-2).
0
Let w(f) = -f**3 - 3*f**2 - 3*f. Give w(-2).
2
Let k(y) = -5*y. Calculate k(-5).
25
Let q(w) = w**3 + 8*w**2 - 8*w + 6. What is q(-9)?
-3
Let d(b) = -b**2 - 9*b - 13. What is d(-6)?
5
Let d(c) = 4*c**2 + c + 8. Determine d(4).
76
Let n(y) = -y**2 + 4*y - 14. What is n(6)?
-26
Let z(g) = 2*g**2 + 13*g + 29. Determine z(-3).
8
Let b(i) = i**3 + 6*i**2 - 4*i + 6. Calculate b(-7).
-15
Let r(i) = -i**3 + 7*i**2 - 9*i + 1. Give r(6).
-17
Let h(c) = -4*c**3 + 29*c**2 + 26*c - 10. Determine h(8).
6
Let f(o) = o**3 - 8*o**2 - o + 33. Calculate f(4).
-35
Let t(k) = 11*k**2 - 2*k - 4. What is t(-3)?
101
Let w(u) = 5*u + 13. Give w(-3).
-2
Let k(h) = -h**2 - 13*h - 43. Give k(-6).
-1
Let z(d) = -23*d + 221. Determine z(10).
-9
Let r(c) = 2*c**3 + 60*c**2 - 61*c + 34. Give r(-31).
3
Let v(u) = -u**2 - 8*u - 2. Give v(-9).
-11
Let h(q) = 38*q**3 - 2*q**2 - 2*q - 1. What is h(-1)?
-39
Let k(p) = -5*p**2 + 39*p + 3. What is k(6)?
57
Let t(q) = q + 9. Give t(5).
14
Let g(h) = 3*h**3 - 5*h**2 + 4*h - 7. What is g(2)?
5
Let h(a) = -a**2 + 4*a - 15. What is h(7)?
-36
Let r(f) = -f**2 + 11*f - 27. Calculate r(6).
3
Let x(y) = 6*y + 18. Give x(-3).
0
Let s(m) = -9*m**3 - 2*m**2 + 1. What is s(1)?
-10
Let g(z) = -z**2 + 2*z + 9. Calculate g(4).
1
Let p(a) = a**3 - 5*a**2 - 7*a + 7. What is p(7)?
56
Let b(c) = -c + 2. What 